4*w - 978. List the prime factors of z.
2, 3, 11
Let l(j) = 2*j**2 - 13*j + 1. Let f be l(7). Suppose -f*n + 990 + 386 = 0. List the prime factors of n.
2, 43
Suppose -8*p = -20*p + 300. List the prime factors of (-10)/p - ((-7881)/15 - 2).
17, 31
Let t = -13205 + 22930. Suppose -9*w + t = -751. What are the prime factors of w?
2, 3, 97
Suppose -27 = -z - 5*k + 3*k, -3*k = -3*z + 72. Suppose z*s + 3472 = 29*s. List the prime factors of s.
2, 7, 31
Suppose u = 1 + 2. Let p be (-288)/((-9)/u) - -1. Let d = -23 + p. What are the prime factors of d?
2, 37
Let c be (-2)/11 + 8/((-616)/(-399)). Let f be 1*c/(-10)*-4. What are the prime factors of (f/(-2) + 4)*69?
3, 23
Let o(r) be the second derivative of -109*r**3/6 + 72*r**2 + 2*r + 73. List the prime factors of o(-11).
17, 79
Let p(f) = -8*f - 123. Let n be p(-16). Suppose -4*d + 5*o + 390 = 0, n*d - 2*o = 71 + 425. List the prime factors of d.
2, 5
Suppose 8*m = -3*d + 560685, -m + 55*d - 52*d = -70062. What are the prime factors of m?
3, 13, 599
Suppose -643078 = 25*m - 1534828. List the prime factors of m.
2, 3, 5, 29, 41
Let d(b) = -22*b + 15. Let q = -8 + 8. Suppose q = -t - 3*t - 20. List the prime factors of d(t).
5
Suppose 15 = 3*y, -4*l = -6*l - 4*y + 26. Suppose 569 = l*z - 529. List the prime factors of z.
2, 3, 61
Suppose q + 741*g = 740*g + 16637, q - 16649 = 5*g. What are the prime factors of q?
7, 2377
Let v be (-9)/(-11) - (-28)/154. Let d be 2/v*(-3)/((-12)/8). Suppose d*q + 143 = p, 2*p + 3*q = -p + 414. What are the prime factors of p?
139
List the prime factors of ((-56)/(-6))/((-9)/89856*-8).
2, 7, 13
Let s(q) = 5*q**3 - 12*q**2 - 18*q + 103. Let z be s(9). Suppose -10*j + 3*h = -15*j + 6507, -4*h = 2*j - z. List the prime factors of j.
3, 433
Suppose -11*d + 34090 = -1198. What are the prime factors of d?
2, 401
Suppose -5*o = -5*w - 23227 - 17463, -8123 = -o - 2*w. Suppose 0 = -45*t + 4962 + o. List the prime factors of t.
3, 97
List the prime factors of (12 - -646692)/16 + 21.
2, 3, 5, 337
Let j(h) = 2*h**3 - 96*h**2 + h - 240. Let c be j(48). Suppose 4*g + 359 = 3*z - 914, 4*z + 2*g = 1668. Let k = c + z. List the prime factors of k.
227
Let b(d) be the second derivative of -d**5/20 + 5*d**4/12 - d**3 - d**2 + 14*d. Let s be b(5). Let m = s + 63. List the prime factors of m.
31
Let z(r) = r**3 - 5*r**2 + 4. Let f be z(6). Let m = f - 40. List the prime factors of 38*1*(m - (-3)/2).
3, 19
Let s(u) = -u**2 - 26*u - 24. Let m be s(-25). Let v be (-2)/(-1)*m/(2/319). Let x = v + -191. What are the prime factors of x?
2
Let k = 79 + -97. Suppose 13*s + 234 - 1235 = 0. Let p = k + s. List the prime factors of p.
59
What are the prime factors of 6234 + (2/(-6))/(10/(-30))?
5, 29, 43
Suppose -11975 = -u + q, u - 2*u + 3*q = -11989. What are the prime factors of u?
2, 11, 17
Let n = -10490 + 15668. List the prime factors of n.
2, 3, 863
Let j(k) = -k**3 + 3*k**2 - 2*k. Let q be j(2). Suppose q = -18*f - 2264 + 16772. What are the prime factors of f?
2, 13, 31
Suppose -339*d + 1675307 = -18721984. What are the prime factors of d?
60169
Suppose -5*a = -46 - 54. Let l = -18 + a. Suppose w - 3*o - 130 = 2*o, -5*o = l*w - 290. What are the prime factors of w?
2, 5, 7
Suppose 3*f = 4*f - 4*g - 8, -5*f - 4*g = -16. Let d be (-8)/3*(-1)/f*6. Suppose 0*p = d*p - 548. What are the prime factors of p?
137
Let h(z) = 13*z + 11. Suppose -5*r = -4*r + 6. Let l(v) = 12*v + 10. Let q(n) = r*l(n) + 5*h(n). List the prime factors of q(-8).
3, 17
Let m(w) = -w**3 - 5*w**2 - 10*w - 2. Let i = 454 - 458. What are the prime factors of m(i)?
2, 11
Suppose 400 = -2*x - 696. List the prime factors of 329/(-188)*x*1.
7, 137
Let y = 57467 - 23807. What are the prime factors of y?
2, 3, 5, 11, 17
Suppose -4*j = -12 + 4. Suppose -4*v + v + o + 16 = 0, -v + 8 = -3*o. Suppose -l - 3*l + 449 = -5*b, 574 = v*l - j*b. What are the prime factors of l?
2, 29
Let w be (342/(-60) - 1/(-5))*-30. What are the prime factors of w - (5/(-25))/((-3)/45)?
2, 3
Suppose -6*z + 8*z = -4*q + 142242, 35 = 5*z. What are the prime factors of q?
31, 37
What are the prime factors of (-25)/300*-3 + (-42534)/(-8)?
13, 409
Suppose 0 = -439*u + 447*u - 360. List the prime factors of (2394/u)/(10/25).
7, 19
Let l(z) be the second derivative of z**4/12 - z**3/6 + 28*z**2 - 98*z. What are the prime factors of l(-26)?
2, 379
Suppose -41*f + 364 = -169. Let i(l) = -2*l**2 + 0 - 2 + 1 + 31*l. List the prime factors of i(f).
2
Let w(v) = -v**3 + 66*v**2 + 45*v - 96. List the prime factors of w(66).
2, 3, 479
List the prime factors of 15 - (-550)/(-15 + 17).
2, 5, 29
Suppose -6*o + 1328 = -1612. Suppose 4*x - 5*x + 4*z + o = 0, 5*z - 445 = -x. What are the prime factors of x?
2, 5, 47
Let m = -186 - -17383. List the prime factors of m.
29, 593
Suppose 2*l = 2*q - 15726, 4*q - 27996 = l + 3444. What are the prime factors of q?
29, 271
List the prime factors of 10*(-4)/8 + (15 - -5161).
5171
List the prime factors of (6385/3)/((385/(-198))/(-7)).
2, 3, 1277
Suppose 117 = -2*p - 95. Let t = p + 71. List the prime factors of 2*(t/(-6) + 4/6).
13
Suppose -9323*x = -9319*x - 14856. List the prime factors of x.
2, 3, 619
Let s(v) = 5*v**2 - v. Let u(n) = -11*n**2 + n. Let f(a) = 9*s(a) + 4*u(a). What are the prime factors of f(21)?
2, 3, 7
Let w be (4 - 68 - -3)/(-1)*3. Let d = 400 - w. List the prime factors of d.
7, 31
Let f = 9598 - 1944. List the prime factors of f.
2, 43, 89
Let u(y) = y**2 - y + 1. Let g(f) = 135*f**2 - 10*f + 7. Let j(v) = g(v) - 2*u(v). What are the prime factors of j(2)?
521
Suppose c - 128 = -2*s, -s - 2*c = 2*c - 78. Suppose 61*r + 111 = s*r. Let b = r + -72. List the prime factors of b.
3, 13
Let i = -75 - -70. List the prime factors of (-226 + 2 + i)*-1.
229
Suppose 0 = -4*v, 40 + 212 = 3*c - 2*v. Suppose -c = -5*y + 6. Suppose -11*n = -y*n + 1204. List the prime factors of n.
2, 43
Let o = -228 + 443. Suppose -83 = -3*v - 4*s - 4, 0 = 4*v - 4*s - 96. Suppose -30*n = -v*n - o. List the prime factors of n.
43
Suppose -47*z + 99263 = -131460. What are the prime factors of z?
4909
Let o = -1566 - -2534. Let j = -617 + o. What are the prime factors of j?
3, 13
Let a = -145 - -140. Let y(o) = -3*o**3 + 4*o**2 + 14*o. List the prime factors of y(a).
3, 5
List the prime factors of (-10 + (-1112)/(-40))*670.
2, 67, 89
Let i = 2 - -12. Suppose 0 = 5*u + 2*u - i. Suppose -n = -2*t - 21 - 68, 0 = -u*t + 6. What are the prime factors of n?
5, 19
Suppose -17*c + 225 = -2*c. Suppose -12*l + c*l = 432. What are the prime factors of l?
2, 3
Suppose 52*s = 57*s - 2740. Let p(h) = h**2 + 4*h - 8. Let k be p(6). Suppose 48*m = k*m - s. What are the prime factors of m?
137
Let t = 25 - 4. Let n be (2 + 1)*(2 - (-2 + t)). Let o = n - -73. List the prime factors of o.
2, 11
Suppose 677340 = -224*f + 3700220. List the prime factors of f.
5, 2699
Let z = -35915 - -60284. What are the prime factors of z?
3, 8123
Let l = 24366 + -7423. List the prime factors of l.
16943
Let y = -29984 - -51200. List the prime factors of y.
2, 3, 13, 17
Let l(r) = 3*r + 45. Let n be l(-18). What are the prime factors of (123/n + 2)*-3*45?
3, 5, 7
Let x(a) = -31*a**3 + 4*a**2 - a - 4. Let s be 0 + -3*(6 + -5). List the prime factors of x(s).
2, 109
Let g(o) = -765*o - 583. List the prime factors of g(-14).
13, 19, 41
Suppose 2*f = -10 - 14. Let w be ((-64)/f - 5)*0. Suppose -2*z + 4*z - 316 = w. List the prime factors of z.
2, 79
Let a = 30052 + -28738. List the prime factors of a.
2, 3, 73
Let o = 85421 - 54207. What are the prime factors of o?
2, 15607
Let v(l) = 4920*l - 171. What are the prime factors of v(2)?
3, 11, 293
Suppose 2*n = -2, -3*r - 208*n + 203*n = -143863. What are the prime factors of r?
2, 19, 631
Let t = 170 + -173. List the prime factors of t/1 + 0 + -26 + 423.
2, 197
Suppose -73*v - 70*v = -3008720. What are the prime factors of v?
2, 5, 263
Suppose -6240 = 2*w - 28*w. List the prime factors of ((-6)/2 + w/8)*36.
2, 3
Suppose -85*q - 514618 = -105*q - 137478. List the prime factors of q.
109, 173
Suppose 407 + 397 = -12*p. Let d = -250 + 110. Let a = p - d. List the prime factors of a.
73
Suppose 218106 = 27*g - 129843. List the prime factors of g.
7, 263
Let w = 9053 + 1592. What are the prime factors of w?
5, 2129
Suppose 0 = -137*w + 13